{"id":288,"date":"2021-10-07T07:54:52","date_gmt":"2021-10-07T07:54:52","guid":{"rendered":"https:\/\/virtkar.fi.minunpankki.fi\/?page_id=288"},"modified":"2021-10-07T15:38:11","modified_gmt":"2021-10-07T15:38:11","slug":"elama-uusilla-asuinsijoilla","status":"publish","type":"page","link":"https:\/\/virtkar.fi.minunpankki.fi\/?page_id=288","title":{"rendered":"El\u00e4m\u00e4 uusilla asuinsijoilla"},"content":{"rendered":"<p>T\u00e4ll\u00e4 sivulla<strong> Virtolaisen Heli Antilan<\/strong> tekemi\u00e4 haastatteluja ja juttuja <strong>KARJALA -lehteen<\/strong>.\u00a0 Toimintaa on aikanaan ollut omalla paikkakunnallakin &#8211; Virtain Karjalaisseuran toimesta.\u00a0 Vanhoista lehtileikkeist\u00e4 skannattujen juttujen n\u00e4kyvyys saattaa vaihdella &#8211; mutta aitous on s\u00e4ilynyt !<\/p>\n<p>&nbsp;<\/p>\n<p><img loading=\"lazy\" decoding=\"async\" class=\"alignnone wp-image-293\" src=\"https:\/\/virtkar.fi.minunpankki.fi\/wp-content\/uploads\/2021\/10\/Heli-Virtain-Karjalaiset-kirkkaampi-261x300.jpg\" alt=\"\" width=\"691\" height=\"794\" srcset=\"https:\/\/virtkar.fi.minunpankki.fi\/wp-content\/uploads\/2021\/10\/Heli-Virtain-Karjalaiset-kirkkaampi-261x300.jpg 261w, https:\/\/virtkar.fi.minunpankki.fi\/wp-content\/uploads\/2021\/10\/Heli-Virtain-Karjalaiset-kirkkaampi-891x1024.jpg 891w, https:\/\/virtkar.fi.minunpankki.fi\/wp-content\/uploads\/2021\/10\/Heli-Virtain-Karjalaiset-kirkkaampi-768x882.jpg 768w, https:\/\/virtkar.fi.minunpankki.fi\/wp-content\/uploads\/2021\/10\/Heli-Virtain-Karjalaiset-kirkkaampi-1337x1536.jpg 1337w, https:\/\/virtkar.fi.minunpankki.fi\/wp-content\/uploads\/2021\/10\/Heli-Virtain-Karjalaiset-kirkkaampi-1783x2048.jpg 1783w, https:\/\/virtkar.fi.minunpankki.fi\/wp-content\/uploads\/2021\/10\/Heli-Virtain-Karjalaiset-kirkkaampi.jpg 1787w\" sizes=\"auto, (max-width: 691px) 100vw, 691px\" \/><\/p>\n<h2 style=\"text-align: center;\">\u00a0****************<\/h2>\n<p><img loading=\"lazy\" decoding=\"async\" class=\"alignnone wp-image-295\" src=\"https:\/\/virtkar.fi.minunpankki.fi\/wp-content\/uploads\/2021\/10\/Heli-Virtain-Karjalaisseura-300x230.jpg\" alt=\"\" width=\"703\" height=\"539\" srcset=\"https:\/\/virtkar.fi.minunpankki.fi\/wp-content\/uploads\/2021\/10\/Heli-Virtain-Karjalaisseura-300x230.jpg 300w, https:\/\/virtkar.fi.minunpankki.fi\/wp-content\/uploads\/2021\/10\/Heli-Virtain-Karjalaisseura-1024x786.jpg 1024w, https:\/\/virtkar.fi.minunpankki.fi\/wp-content\/uploads\/2021\/10\/Heli-Virtain-Karjalaisseura-768x590.jpg 768w, https:\/\/virtkar.fi.minunpankki.fi\/wp-content\/uploads\/2021\/10\/Heli-Virtain-Karjalaisseura.jpg 1241w\" sizes=\"auto, (max-width: 703px) 100vw, 703px\" \/><\/p>\n<h2 style=\"text-align: center;\">\u00a0****************<\/h2>\n<p><img loading=\"lazy\" decoding=\"async\" class=\"alignnone wp-image-296\" src=\"https:\/\/virtkar.fi.minunpankki.fi\/wp-content\/uploads\/2021\/10\/Heli-Ella-ja-Jenni-Karjalalehti-kirkkaampi-244x300.jpg\" alt=\"\" width=\"696\" height=\"856\" srcset=\"https:\/\/virtkar.fi.minunpankki.fi\/wp-content\/uploads\/2021\/10\/Heli-Ella-ja-Jenni-Karjalalehti-kirkkaampi-244x300.jpg 244w, https:\/\/virtkar.fi.minunpankki.fi\/wp-content\/uploads\/2021\/10\/Heli-Ella-ja-Jenni-Karjalalehti-kirkkaampi-832x1024.jpg 832w, https:\/\/virtkar.fi.minunpankki.fi\/wp-content\/uploads\/2021\/10\/Heli-Ella-ja-Jenni-Karjalalehti-kirkkaampi-768x945.jpg 768w, https:\/\/virtkar.fi.minunpankki.fi\/wp-content\/uploads\/2021\/10\/Heli-Ella-ja-Jenni-Karjalalehti-kirkkaampi-1248x1536.jpg 1248w, https:\/\/virtkar.fi.minunpankki.fi\/wp-content\/uploads\/2021\/10\/Heli-Ella-ja-Jenni-Karjalalehti-kirkkaampi-1664x2048.jpg 1664w, https:\/\/virtkar.fi.minunpankki.fi\/wp-content\/uploads\/2021\/10\/Heli-Ella-ja-Jenni-Karjalalehti-kirkkaampi.jpg 1732w\" sizes=\"auto, (max-width: 696px) 100vw, 696px\" \/><\/p>\n<p><img loading=\"lazy\" decoding=\"async\" class=\"alignnone wp-image-297\" src=\"https:\/\/virtkar.fi.minunpankki.fi\/wp-content\/uploads\/2021\/10\/Heli-Ella-ja-Jenni-2-kirkkaampi-188x300.jpg\" alt=\"\" width=\"695\" height=\"1109\" srcset=\"https:\/\/virtkar.fi.minunpankki.fi\/wp-content\/uploads\/2021\/10\/Heli-Ella-ja-Jenni-2-kirkkaampi-188x300.jpg 188w, https:\/\/virtkar.fi.minunpankki.fi\/wp-content\/uploads\/2021\/10\/Heli-Ella-ja-Jenni-2-kirkkaampi-641x1024.jpg 641w, https:\/\/virtkar.fi.minunpankki.fi\/wp-content\/uploads\/2021\/10\/Heli-Ella-ja-Jenni-2-kirkkaampi-768x1227.jpg 768w, https:\/\/virtkar.fi.minunpankki.fi\/wp-content\/uploads\/2021\/10\/Heli-Ella-ja-Jenni-2-kirkkaampi-1282x2048.jpg 1282w\" sizes=\"auto, (max-width: 695px) 100vw, 695px\" \/><\/p>\n<h2 style=\"text-align: center;\">****************<\/h2>\n<p><img loading=\"lazy\" decoding=\"async\" class=\"alignnone wp-image-298\" src=\"https:\/\/virtkar.fi.minunpankki.fi\/wp-content\/uploads\/2021\/10\/Heli-Valkjarvijuhla-Virrat.-300x264.jpg\" alt=\"\" width=\"690\" height=\"607\" srcset=\"https:\/\/virtkar.fi.minunpankki.fi\/wp-content\/uploads\/2021\/10\/Heli-Valkjarvijuhla-Virrat.-300x264.jpg 300w, https:\/\/virtkar.fi.minunpankki.fi\/wp-content\/uploads\/2021\/10\/Heli-Valkjarvijuhla-Virrat.-1024x902.jpg 1024w, https:\/\/virtkar.fi.minunpankki.fi\/wp-content\/uploads\/2021\/10\/Heli-Valkjarvijuhla-Virrat.-768x677.jpg 768w, https:\/\/virtkar.fi.minunpankki.fi\/wp-content\/uploads\/2021\/10\/Heli-Valkjarvijuhla-Virrat.-1536x1354.jpg 1536w, https:\/\/virtkar.fi.minunpankki.fi\/wp-content\/uploads\/2021\/10\/Heli-Valkjarvijuhla-Virrat.-2048x1805.jpg 2048w\" sizes=\"auto, (max-width: 690px) 100vw, 690px\" \/><\/p>\n<h2 style=\"text-align: center;\">****************<\/h2>\n<p><img loading=\"lazy\" decoding=\"async\" class=\"alignnone wp-image-299\" src=\"https:\/\/virtkar.fi.minunpankki.fi\/wp-content\/uploads\/2021\/10\/Heli-Heikki-Ristolainen-234x300.jpg\" alt=\"\" width=\"692\" height=\"887\" srcset=\"https:\/\/virtkar.fi.minunpankki.fi\/wp-content\/uploads\/2021\/10\/Heli-Heikki-Ristolainen-234x300.jpg 234w, https:\/\/virtkar.fi.minunpankki.fi\/wp-content\/uploads\/2021\/10\/Heli-Heikki-Ristolainen-798x1024.jpg 798w, https:\/\/virtkar.fi.minunpankki.fi\/wp-content\/uploads\/2021\/10\/Heli-Heikki-Ristolainen-768x985.jpg 768w, https:\/\/virtkar.fi.minunpankki.fi\/wp-content\/uploads\/2021\/10\/Heli-Heikki-Ristolainen-1197x1536.jpg 1197w, https:\/\/virtkar.fi.minunpankki.fi\/wp-content\/uploads\/2021\/10\/Heli-Heikki-Ristolainen-1596x2048.jpg 1596w, https:\/\/virtkar.fi.minunpankki.fi\/wp-content\/uploads\/2021\/10\/Heli-Heikki-Ristolainen.jpg 1809w\" sizes=\"auto, (max-width: 692px) 100vw, 692px\" \/><\/p>\n<h2 style=\"text-align: center;\">****************<\/h2>\n<p><strong>L\u00e4hiseudun Karjalaisseurat ovat olleet my\u00f6s aktiivisia.\u00a0 Juttuja KSML -lehdiss\u00e4.<\/strong><\/p>\n<p><img loading=\"lazy\" decoding=\"async\" class=\"alignnone  wp-image-327\" src=\"https:\/\/virtkar.fi.minunpankki.fi\/wp-content\/uploads\/2021\/10\/Heli-kokoelma-2-261x300.jpg\" alt=\"\" width=\"679\" height=\"780\" srcset=\"https:\/\/virtkar.fi.minunpankki.fi\/wp-content\/uploads\/2021\/10\/Heli-kokoelma-2-261x300.jpg 261w, https:\/\/virtkar.fi.minunpankki.fi\/wp-content\/uploads\/2021\/10\/Heli-kokoelma-2-892x1024.jpg 892w, https:\/\/virtkar.fi.minunpankki.fi\/wp-content\/uploads\/2021\/10\/Heli-kokoelma-2-768x882.jpg 768w, https:\/\/virtkar.fi.minunpankki.fi\/wp-content\/uploads\/2021\/10\/Heli-kokoelma-2-1338x1536.jpg 1338w, https:\/\/virtkar.fi.minunpankki.fi\/wp-content\/uploads\/2021\/10\/Heli-kokoelma-2-1784x2048.jpg 1784w\" sizes=\"auto, (max-width: 679px) 100vw, 679px\" \/><\/p>\n<p>LINKIT:<\/p>\n<p><strong><a href=\"http:\/\/antilaheli.wordpress.com\">Heli Antila<\/a><\/strong><\/p>\n<p><strong><a href=\"https:\/\/www.karjala-lehti.fi\">Karjala -lehti<\/a><\/strong><\/p>\n<p>&nbsp;<\/p>\n<p>&nbsp;<\/p>\n<p>&nbsp;<\/p>\n","protected":false},"excerpt":{"rendered":"<p>T\u00e4ll\u00e4 sivulla Virtolaisen Heli Antilan tekemi\u00e4 haastatteluja ja juttuja KARJALA -lehteen.\u00a0 Toimintaa on aikanaan ollut omalla paikkakunnallakin &#8211; Virtain Karjalaisseuran toimesta.\u00a0 Vanhoista lehtileikkeist\u00e4 skannattujen juttujen n\u00e4kyvyys&#46;&#46;&#46;<\/p>\n","protected":false},"author":1,"featured_media":0,"parent":0,"menu_order":0,"comment_status":"closed","ping_status":"closed","template":"","meta":{"footnotes":""},"class_list":["post-288","page","type-page","status-publish","hentry"],"_links":{"self":[{"href":"https:\/\/virtkar.fi.minunpankki.fi\/index.php?rest_route=\/wp\/v2\/pages\/288","targetHints":{"allow":["GET"]}}],"collection":[{"href":"https:\/\/virtkar.fi.minunpankki.fi\/index.php?rest_route=\/wp\/v2\/pages"}],"about":[{"href":"https:\/\/virtkar.fi.minunpankki.fi\/index.php?rest_route=\/wp\/v2\/types\/page"}],"author":[{"embeddable":true,"href":"https:\/\/virtkar.fi.minunpankki.fi\/index.php?rest_route=\/wp\/v2\/users\/1"}],"replies":[{"embeddable":true,"href":"https:\/\/virtkar.fi.minunpankki.fi\/index.php?rest_route=%2Fwp%2Fv2%2Fcomments&post=288"}],"version-history":[{"count":6,"href":"https:\/\/virtkar.fi.minunpankki.fi\/index.php?rest_route=\/wp\/v2\/pages\/288\/revisions"}],"predecessor-version":[{"id":326,"href":"https:\/\/virtkar.fi.minunpankki.fi\/index.php?rest_route=\/wp\/v2\/pages\/288\/revisions\/326"}],"wp:attachment":[{"href":"https:\/\/virtkar.fi.minunpankki.fi\/index.php?rest_route=%2Fwp%2Fv2%2Fmedia&parent=288"}],"curies":[{"name":"wp","href":"https:\/\/api.w.org\/{rel}","templated":true}]}}