{"id":363,"date":"2021-10-12T18:20:13","date_gmt":"2021-10-12T18:20:13","guid":{"rendered":"https:\/\/virtkar.fi.minunpankki.fi\/?page_id=363"},"modified":"2021-10-13T08:30:05","modified_gmt":"2021-10-13T08:30:05","slug":"uukuniemi-kuvia","status":"publish","type":"page","link":"https:\/\/virtkar.fi.minunpankki.fi\/?page_id=363","title":{"rendered":"Uukuniemi kuvia"},"content":{"rendered":"<p>Uukuniemen kunnasta nelj\u00e4 viidesosaa menetettiin luovutuksessa.\u00a0 Kirkko ja hautausmaat j\u00e4iv\u00e4t\u00a0 kuitenkin Suomen puolelle, mik\u00e4 on hieno asia.\u00a0 Kuvia Uukuniemelt\u00e4 &#8211; V\u00e4in\u00f6 H\u00e4rk\u00f6nen<\/p>\n<p><img loading=\"lazy\" decoding=\"async\" class=\"alignnone  wp-image-385\" src=\"https:\/\/virtkar.fi.minunpankki.fi\/wp-content\/uploads\/2021\/10\/Uukuiemi-300x213.jpg\" alt=\"\" width=\"739\" height=\"525\" srcset=\"https:\/\/virtkar.fi.minunpankki.fi\/wp-content\/uploads\/2021\/10\/Uukuiemi-300x213.jpg 300w, https:\/\/virtkar.fi.minunpankki.fi\/wp-content\/uploads\/2021\/10\/Uukuiemi.jpg 640w\" sizes=\"auto, (max-width: 739px) 100vw, 739px\" \/><\/p>\n<p>&nbsp;<\/p>\n<p>[modula id=&#8221;378&#8243;]<\/p>\n","protected":false},"excerpt":{"rendered":"<p>Uukuniemen kunnasta nelj\u00e4 viidesosaa menetettiin luovutuksessa.\u00a0 Kirkko ja hautausmaat j\u00e4iv\u00e4t\u00a0 kuitenkin Suomen puolelle, mik\u00e4 on hieno asia.\u00a0 Kuvia Uukuniemelt\u00e4 &#8211; V\u00e4in\u00f6 H\u00e4rk\u00f6nen &nbsp; [modula id=&#8221;378&#8243;]<\/p>\n","protected":false},"author":1,"featured_media":0,"parent":0,"menu_order":0,"comment_status":"closed","ping_status":"closed","template":"","meta":{"footnotes":""},"class_list":["post-363","page","type-page","status-publish","hentry"],"_links":{"self":[{"href":"https:\/\/virtkar.fi.minunpankki.fi\/index.php?rest_route=\/wp\/v2\/pages\/363","targetHints":{"allow":["GET"]}}],"collection":[{"href":"https:\/\/virtkar.fi.minunpankki.fi\/index.php?rest_route=\/wp\/v2\/pages"}],"about":[{"href":"https:\/\/virtkar.fi.minunpankki.fi\/index.php?rest_route=\/wp\/v2\/types\/page"}],"author":[{"embeddable":true,"href":"https:\/\/virtkar.fi.minunpankki.fi\/index.php?rest_route=\/wp\/v2\/users\/1"}],"replies":[{"embeddable":true,"href":"https:\/\/virtkar.fi.minunpankki.fi\/index.php?rest_route=%2Fwp%2Fv2%2Fcomments&post=363"}],"version-history":[{"count":11,"href":"https:\/\/virtkar.fi.minunpankki.fi\/index.php?rest_route=\/wp\/v2\/pages\/363\/revisions"}],"predecessor-version":[{"id":384,"href":"https:\/\/virtkar.fi.minunpankki.fi\/index.php?rest_route=\/wp\/v2\/pages\/363\/revisions\/384"}],"wp:attachment":[{"href":"https:\/\/virtkar.fi.minunpankki.fi\/index.php?rest_route=%2Fwp%2Fv2%2Fmedia&parent=363"}],"curies":[{"name":"wp","href":"https:\/\/api.w.org\/{rel}","templated":true}]}}