{"id":8,"date":"2021-09-15T14:23:20","date_gmt":"2021-09-15T14:23:20","guid":{"rendered":"https:\/\/virtkar.fi.minunpankki.fi\/?page_id=8"},"modified":"2021-09-26T17:46:51","modified_gmt":"2021-09-26T17:46:51","slug":"siirtokarjalaiset-virrat","status":"publish","type":"page","link":"https:\/\/virtkar.fi.minunpankki.fi\/","title":{"rendered":"Siirtokarjalaisten tie Virroille"},"content":{"rendered":"\r\n<p>&nbsp;<\/p>\r\n\r\n\r\n\r\n<div class=\"wp-block-image is-style-rounded\">\r\n<figure class=\"aligncenter size-large\"><img loading=\"lazy\" decoding=\"async\" width=\"1024\" height=\"768\" class=\"wp-image-14\" src=\"https:\/\/virtkar.fi.minunpankki.fi\/wp-content\/uploads\/2021\/09\/Kuva-Virtkar-sivu-1024x768.jpg\" alt=\"\" srcset=\"https:\/\/virtkar.fi.minunpankki.fi\/wp-content\/uploads\/2021\/09\/Kuva-Virtkar-sivu-1024x768.jpg 1024w, https:\/\/virtkar.fi.minunpankki.fi\/wp-content\/uploads\/2021\/09\/Kuva-Virtkar-sivu-300x225.jpg 300w, https:\/\/virtkar.fi.minunpankki.fi\/wp-content\/uploads\/2021\/09\/Kuva-Virtkar-sivu-768x576.jpg 768w, https:\/\/virtkar.fi.minunpankki.fi\/wp-content\/uploads\/2021\/09\/Kuva-Virtkar-sivu-1536x1152.jpg 1536w, https:\/\/virtkar.fi.minunpankki.fi\/wp-content\/uploads\/2021\/09\/Kuva-Virtkar-sivu-2048x1536.jpg 2048w\" sizes=\"auto, (max-width: 1024px) 100vw, 1024px\" \/><\/figure>\r\n<\/div>\r\n\r\n\r\n\r\n<p class=\"has-text-align-center\">\u00a0<\/p>\r\n\r\n<h1 style=\"text-align: center;\">Kotinsa menett\u00e4neit\u00e4 asutettiin eripuolille Suomea<\/h1>\r\n<p>&nbsp;<\/p>\r\n\r\n<div class=\"wp-block-image\">\r\n<figure class=\"aligncenter size-large\"><img loading=\"lazy\" decoding=\"async\" width=\"1024\" height=\"698\" class=\"wp-image-59\" src=\"https:\/\/virtkar.fi.minunpankki.fi\/wp-content\/uploads\/2021\/09\/Siirtolaisten-sijoittuminen-1024x698.jpg\" alt=\"\" srcset=\"https:\/\/virtkar.fi.minunpankki.fi\/wp-content\/uploads\/2021\/09\/Siirtolaisten-sijoittuminen-1024x698.jpg 1024w, https:\/\/virtkar.fi.minunpankki.fi\/wp-content\/uploads\/2021\/09\/Siirtolaisten-sijoittuminen-300x204.jpg 300w, https:\/\/virtkar.fi.minunpankki.fi\/wp-content\/uploads\/2021\/09\/Siirtolaisten-sijoittuminen-768x523.jpg 768w, https:\/\/virtkar.fi.minunpankki.fi\/wp-content\/uploads\/2021\/09\/Siirtolaisten-sijoittuminen-1536x1047.jpg 1536w, https:\/\/virtkar.fi.minunpankki.fi\/wp-content\/uploads\/2021\/09\/Siirtolaisten-sijoittuminen-2048x1396.jpg 2048w\" sizes=\"auto, (max-width: 1024px) 100vw, 1024px\" \/><\/figure>\r\n<\/div>\r\n\r\n\r\n\r\n<p>&nbsp;<\/p>\r\n\r\n\r\n\r\n<p class=\"has-text-align-center\" style=\"font-size: 31px;\"><strong>Niin my\u00f6s Virroille<\/strong><\/p>\r\n\r\n\r\n\r\n<p>Virtolaisessa historiassa, n\u00e4in j\u00e4lkeenp\u00e4in ajatellen &#8211; on Karjalaisuudella ollut suuri merkitys. Nykyinen nuori v\u00e4est\u00f6 tuskin kaikki tiet\u00e4\u00e4 tai on tullut ajatelleeksikaan, ett\u00e4 suonissa virtaa ripaus Karjalaisuuden verta &#8211; niin paljon Karjalaisia siirtyi evakkona Virtain eri kyliin. Alla n\u00e4kyv\u00e4st\u00e4 kuvasta k\u00e4y esiin isot muutokset Virtain v\u00e4kilukuun sodan alettua.<\/p>\r\n\r\n\r\n\r\n<p>Merkille pantavaa on my\u00f6s se, ett\u00e4 suurin osa talvisotaa (1939) pakoon tulleista evakoista halusi palata ja palasi takaisin kotiseudulleen Karjalaan, kun menetetyt alueet vallattiin takaisin 1941. Rakennusty\u00f6 oli valtavaa, kun monien kotitalo oli sodassa h\u00e4vitetty ja el\u00e4m\u00e4 aloitettava alusta. My\u00f6s viljelykset laitettiin kuntoon, muttei n\u00e4ist\u00e4 \u201dnauttimaan\u201d keritty, kun taas oli l\u00e4hdett\u00e4v\u00e4 evakkoon ja j\u00e4tett\u00e4v\u00e4 kotiseutu lopullisesti.<\/p>\r\n\r\n\r\n\r\n<p>Karjalan seurakuntien lakkauttamisen j\u00e4lkeen, oli vuonna 1952 Virroille kirjansa muuttaneita evakoita 857 (Vanhan-Ruoveden historia, III:1, Virrat). Valtaosa pit\u00e4j\u00e4n pohjoisten kylien karjalaisista oli Lumivaaralaisia tai Sortavalalaisia. Kolmas suuri ryhm\u00e4 olivat sitten Valkj\u00e4rvel\u00e4iset, jotka asettuivat etel\u00e4isimpiin kyliin. Lis\u00e4ksi paikkakunnalle on my\u00f6hemmin muuttanut perheit\u00e4, jotka ovat ostaneet itselleen sopivan tilan. N\u00e4in minunkin pappani, jonka perhe joutui l\u00e4htem\u00e4\u00e4n kaksi kertaa, Uukuniemen luovutetulle alueelle j\u00e4\u00e4neest\u00e4 Ristilahdesta. Sielt\u00e4 monen muutoksen j\u00e4lkeen asettuminen Hartolan seudulle ja sitten Virroille.<\/p>\r\n\r\n\r\n\r\n<p>V\u00e4in\u00f6 H\u00e4rk\u00f6nen 2021<\/p>\r\n\r\n\r\n\r\n<figure class=\"wp-block-image size-full is-resized\"><img loading=\"lazy\" decoding=\"async\" class=\"wp-image-203\" src=\"https:\/\/virtkar.fi.minunpankki.fi\/wp-content\/uploads\/2021\/09\/Asukaslukutauluko.jpg\" alt=\"\" width=\"834\" height=\"591\" srcset=\"https:\/\/virtkar.fi.minunpankki.fi\/wp-content\/uploads\/2021\/09\/Asukaslukutauluko.jpg 640w, https:\/\/virtkar.fi.minunpankki.fi\/wp-content\/uploads\/2021\/09\/Asukaslukutauluko-300x213.jpg 300w\" sizes=\"auto, (max-width: 834px) 100vw, 834px\" \/><\/figure>\r\n","protected":false},"excerpt":{"rendered":"<p>&nbsp; \u00a0 Kotinsa menett\u00e4neit\u00e4 asutettiin eripuolille Suomea &nbsp; &nbsp; Niin my\u00f6s Virroille Virtolaisessa historiassa, n\u00e4in j\u00e4lkeenp\u00e4in ajatellen &#8211; on Karjalaisuudella ollut suuri merkitys. Nykyinen nuori v\u00e4est\u00f6&#46;&#46;&#46;<\/p>\n","protected":false},"author":1,"featured_media":0,"parent":0,"menu_order":0,"comment_status":"closed","ping_status":"closed","template":"","meta":{"footnotes":""},"class_list":["post-8","page","type-page","status-publish","hentry"],"_links":{"self":[{"href":"https:\/\/virtkar.fi.minunpankki.fi\/index.php?rest_route=\/wp\/v2\/pages\/8","targetHints":{"allow":["GET"]}}],"collection":[{"href":"https:\/\/virtkar.fi.minunpankki.fi\/index.php?rest_route=\/wp\/v2\/pages"}],"about":[{"href":"https:\/\/virtkar.fi.minunpankki.fi\/index.php?rest_route=\/wp\/v2\/types\/page"}],"author":[{"embeddable":true,"href":"https:\/\/virtkar.fi.minunpankki.fi\/index.php?rest_route=\/wp\/v2\/users\/1"}],"replies":[{"embeddable":true,"href":"https:\/\/virtkar.fi.minunpankki.fi\/index.php?rest_route=%2Fwp%2Fv2%2Fcomments&post=8"}],"version-history":[{"count":17,"href":"https:\/\/virtkar.fi.minunpankki.fi\/index.php?rest_route=\/wp\/v2\/pages\/8\/revisions"}],"predecessor-version":[{"id":272,"href":"https:\/\/virtkar.fi.minunpankki.fi\/index.php?rest_route=\/wp\/v2\/pages\/8\/revisions\/272"}],"wp:attachment":[{"href":"https:\/\/virtkar.fi.minunpankki.fi\/index.php?rest_route=%2Fwp%2Fv2%2Fmedia&parent=8"}],"curies":[{"name":"wp","href":"https:\/\/api.w.org\/{rel}","templated":true}]}}

<p>&nbsp;</p>



<div class="wp-block-image is-style-rounded">
<figure class="aligncenter size-large"><img loading="lazy" decoding="async" width="1024" height="768" class="wp-image-14" src="https://virtkar.fi.minunpankki.fi/wp-content/uploads/2021/09/Kuva-Virtkar-sivu-1024x768.jpg" alt="" srcset="https://virtkar.fi.minunpankki.fi/wp-content/uploads/2021/09/Kuva-Virtkar-sivu-1024x768.jpg 1024w, https://virtkar.fi.minunpankki.fi/wp-content/uploads/2021/09/Kuva-Virtkar-sivu-300x225.jpg 300w, https://virtkar.fi.minunpankki.fi/wp-content/uploads/2021/09/Kuva-Virtkar-sivu-768x576.jpg 768w, https://virtkar.fi.minunpankki.fi/wp-content/uploads/2021/09/Kuva-Virtkar-sivu-1536x1152.jpg 1536w, https://virtkar.fi.minunpankki.fi/wp-content/uploads/2021/09/Kuva-Virtkar-sivu-2048x1536.jpg 2048w" sizes="auto, (max-width: 1024px) 100vw, 1024px" /></figure>
</div>



<p class="has-text-align-center"> </p>

<h1 style="text-align: center;">Kotinsa menettäneitä asutettiin eripuolille Suomea</h1>
<p>&nbsp;</p>

<div class="wp-block-image">
<figure class="aligncenter size-large"><img loading="lazy" decoding="async" width="1024" height="698" class="wp-image-59" src="https://virtkar.fi.minunpankki.fi/wp-content/uploads/2021/09/Siirtolaisten-sijoittuminen-1024x698.jpg" alt="" srcset="https://virtkar.fi.minunpankki.fi/wp-content/uploads/2021/09/Siirtolaisten-sijoittuminen-1024x698.jpg 1024w, https://virtkar.fi.minunpankki.fi/wp-content/uploads/2021/09/Siirtolaisten-sijoittuminen-300x204.jpg 300w, https://virtkar.fi.minunpankki.fi/wp-content/uploads/2021/09/Siirtolaisten-sijoittuminen-768x523.jpg 768w, https://virtkar.fi.minunpankki.fi/wp-content/uploads/2021/09/Siirtolaisten-sijoittuminen-1536x1047.jpg 1536w, https://virtkar.fi.minunpankki.fi/wp-content/uploads/2021/09/Siirtolaisten-sijoittuminen-2048x1396.jpg 2048w" sizes="auto, (max-width: 1024px) 100vw, 1024px" /></figure>
</div>



<p>&nbsp;</p>



<p class="has-text-align-center" style="font-size: 31px;"><strong>Niin myös Virroille</strong></p>



<p>Virtolaisessa historiassa, näin jälkeenpäin ajatellen &#8211; on Karjalaisuudella ollut suuri merkitys. Nykyinen nuori väestö tuskin kaikki tietää tai on tullut ajatelleeksikaan, että suonissa virtaa ripaus Karjalaisuuden verta &#8211; niin paljon Karjalaisia siirtyi evakkona Virtain eri kyliin. Alla näkyvästä kuvasta käy esiin isot muutokset Virtain väkilukuun sodan alettua.</p>



<p>Merkille pantavaa on myös se, että suurin osa talvisotaa (1939) pakoon tulleista evakoista halusi palata ja palasi takaisin kotiseudulleen Karjalaan, kun menetetyt alueet vallattiin takaisin 1941. Rakennustyö oli valtavaa, kun monien kotitalo oli sodassa hävitetty ja elämä aloitettava alusta. Myös viljelykset laitettiin kuntoon, muttei näistä ”nauttimaan” keritty, kun taas oli lähdettävä evakkoon ja jätettävä kotiseutu lopullisesti.</p>



<p>Karjalan seurakuntien lakkauttamisen jälkeen, oli vuonna 1952 Virroille kirjansa muuttaneita evakoita 857 (Vanhan-Ruoveden historia, III:1, Virrat). Valtaosa pitäjän pohjoisten kylien karjalaisista oli Lumivaaralaisia tai Sortavalalaisia. Kolmas suuri ryhmä olivat sitten Valkjärveläiset, jotka asettuivat eteläisimpiin kyliin. Lisäksi paikkakunnalle on myöhemmin muuttanut perheitä, jotka ovat ostaneet itselleen sopivan tilan. Näin minunkin pappani, jonka perhe joutui lähtemään kaksi kertaa, Uukuniemen luovutetulle alueelle jääneestä Ristilahdesta. Sieltä monen muutoksen jälkeen asettuminen Hartolan seudulle ja sitten Virroille.</p>



<p>Väinö Härkönen 2021</p>



<figure class="wp-block-image size-full is-resized"><img loading="lazy" decoding="async" class="wp-image-203" src="https://virtkar.fi.minunpankki.fi/wp-content/uploads/2021/09/Asukaslukutauluko.jpg" alt="" width="834" height="591" srcset="https://virtkar.fi.minunpankki.fi/wp-content/uploads/2021/09/Asukaslukutauluko.jpg 640w, https://virtkar.fi.minunpankki.fi/wp-content/uploads/2021/09/Asukaslukutauluko-300x213.jpg 300w" sizes="auto, (max-width: 834px) 100vw, 834px" /></figure>

<p>&nbsp;   Kotinsa menettäneitä asutettiin eripuolille Suomea &nbsp; &nbsp; Niin myös Virroille Virtolaisessa historiassa, näin jälkeenpäin ajatellen &#8211; on Karjalaisuudella ollut suuri merkitys. Nykyinen nuori väestö&#46;&#46;&#46;</p>
